{"id":3618,"date":"2026-02-06T10:27:19","date_gmt":"2026-02-06T09:27:19","guid":{"rendered":"https:\/\/armoni.it\/?post_type=product&#038;p=3618"},"modified":"2026-02-12T09:41:24","modified_gmt":"2026-02-12T08:41:24","slug":"alghi","status":"publish","type":"product","link":"https:\/\/armoni.it\/?product=alghi","title":{"rendered":"ALGHI"},"content":{"rendered":"<p data-path-to-node=\"2\">Il tavolo <b data-path-to-node=\"2\" data-index-in-node=\"10\">Alghi<\/b> nasce per rispondere alle sollecitazioni pi\u00f9 intense degli ambienti professionali, affermandosi come la scelta privilegiata per bar e ristoranti che non scendono a compromessi sulla robustezza strutturale. Caratterizzato da una struttura in ghisa, Alghi garantisce una stabilit\u00e0 naturale e una resistenza superiore.<\/p>\n<p data-path-to-node=\"3\">La versatilit\u00e0 progettuale \u00e8 uno dei punti di forza di questa collezione: la base \u00e8 disponibile sia in configurazione quadrata che tonda, proposta in varie misure per adattarsi perfettamente a ogni layout architettonico e tipologia di piano d&#8217;appoggio. Come ogni elemento di questa gamma tecnica, il tavolo \u00e8 equipaggiato con piedini per la regolazione della planarit\u00e0, permettendo un allineamento millimetrico e stabile anche su pavimentazioni irregolari. Con Alghi, la robustezza incontra una forma razionale e senza tempo.<\/p>\n","protected":false},"excerpt":{"rendered":"<p>Tavolo in ghisa ideale per bar e ristorazione, disponibile con base quadrata e tonda di varie misure. Piedini per la regolazione della planarit\u00e0.<\/p>\n","protected":false},"featured_media":3619,"comment_status":"open","ping_status":"closed","template":"","meta":[],"product_cat":[112],"product_tag":[],"class_list":{"0":"post-3618","1":"product","2":"type-product","3":"status-publish","4":"has-post-thumbnail","6":"product_cat-tavolo","8":"first","9":"instock","10":"shipping-taxable","11":"product-type-simple"},"_links":{"self":[{"href":"https:\/\/armoni.it\/index.php?rest_route=\/wp\/v2\/product\/3618","targetHints":{"allow":["GET"]}}],"collection":[{"href":"https:\/\/armoni.it\/index.php?rest_route=\/wp\/v2\/product"}],"about":[{"href":"https:\/\/armoni.it\/index.php?rest_route=\/wp\/v2\/types\/product"}],"replies":[{"embeddable":true,"href":"https:\/\/armoni.it\/index.php?rest_route=%2Fwp%2Fv2%2Fcomments&post=3618"}],"version-history":[{"count":4,"href":"https:\/\/armoni.it\/index.php?rest_route=\/wp\/v2\/product\/3618\/revisions"}],"predecessor-version":[{"id":3762,"href":"https:\/\/armoni.it\/index.php?rest_route=\/wp\/v2\/product\/3618\/revisions\/3762"}],"wp:featuredmedia":[{"embeddable":true,"href":"https:\/\/armoni.it\/index.php?rest_route=\/wp\/v2\/media\/3619"}],"wp:attachment":[{"href":"https:\/\/armoni.it\/index.php?rest_route=%2Fwp%2Fv2%2Fmedia&parent=3618"}],"wp:term":[{"taxonomy":"product_cat","embeddable":true,"href":"https:\/\/armoni.it\/index.php?rest_route=%2Fwp%2Fv2%2Fproduct_cat&post=3618"},{"taxonomy":"product_tag","embeddable":true,"href":"https:\/\/armoni.it\/index.php?rest_route=%2Fwp%2Fv2%2Fproduct_tag&post=3618"}],"curies":[{"name":"wp","href":"https:\/\/api.w.org\/{rel}","templated":true}]}}