{"id":3606,"date":"2026-02-06T10:06:56","date_gmt":"2026-02-06T09:06:56","guid":{"rendered":"https:\/\/armoni.it\/?post_type=product&#038;p=3606"},"modified":"2026-02-12T10:15:10","modified_gmt":"2026-02-12T09:15:10","slug":"x-stool-four","status":"publish","type":"product","link":"https:\/\/armoni.it\/?product=x-stool-four","title":{"rendered":"X STOOL FOUR"},"content":{"rendered":"<p>Studiato per offrire il massimo comfort anche in una seduta elevata, grazie a uno schienale ergonomico che accompagna la postura in modo naturale. La base a quattro gambe in metallo, include un pratico poggiapiedi che ne aumenta la funzionalit\u00e0 quotidiana. Disponibile in diverse varianti cromatiche \u2014 dal vivace giallo ocra al sobrio antracite.<\/p>\n<p>Il tratto distintivo rimane l&#8217;inconfondibile dettaglio a &#8220;X&#8221; al centro della seduta, un segno grafico che ne sottolinea l&#8217;originalit\u00e0 e la cura del dettaglio. La scocca in polipropilene, dalle linee slanciate e avvolgenti, \u00e8 sostenuta da una struttura metallica a quattro gambe che garantisce stabilit\u00e0 e leggerezza visiva, integrandosi perfettamente in progetti d&#8217;arredo che richiedono dinamismo e modernit\u00e0.<\/p>\n","protected":false},"excerpt":{"rendered":"<p>Lo sgabello <b data-path-to-node=\"2\" data-index-in-node=\"12\">X Four<\/b> traspone l\u2019estetica iconica della sedia in una dimensione verticale, offrendo una soluzione ideale per banconi bar, zone break contemporanee e piani snack.<\/p>\n","protected":false},"featured_media":3597,"comment_status":"open","ping_status":"closed","template":"","meta":[],"product_cat":[69],"product_tag":[],"class_list":{"0":"post-3606","1":"product","2":"type-product","3":"status-publish","4":"has-post-thumbnail","6":"product_cat-sgabello","8":"first","9":"instock","10":"shipping-taxable","11":"product-type-simple"},"_links":{"self":[{"href":"https:\/\/armoni.it\/index.php?rest_route=\/wp\/v2\/product\/3606","targetHints":{"allow":["GET"]}}],"collection":[{"href":"https:\/\/armoni.it\/index.php?rest_route=\/wp\/v2\/product"}],"about":[{"href":"https:\/\/armoni.it\/index.php?rest_route=\/wp\/v2\/types\/product"}],"replies":[{"embeddable":true,"href":"https:\/\/armoni.it\/index.php?rest_route=%2Fwp%2Fv2%2Fcomments&post=3606"}],"version-history":[{"count":5,"href":"https:\/\/armoni.it\/index.php?rest_route=\/wp\/v2\/product\/3606\/revisions"}],"predecessor-version":[{"id":3828,"href":"https:\/\/armoni.it\/index.php?rest_route=\/wp\/v2\/product\/3606\/revisions\/3828"}],"wp:featuredmedia":[{"embeddable":true,"href":"https:\/\/armoni.it\/index.php?rest_route=\/wp\/v2\/media\/3597"}],"wp:attachment":[{"href":"https:\/\/armoni.it\/index.php?rest_route=%2Fwp%2Fv2%2Fmedia&parent=3606"}],"wp:term":[{"taxonomy":"product_cat","embeddable":true,"href":"https:\/\/armoni.it\/index.php?rest_route=%2Fwp%2Fv2%2Fproduct_cat&post=3606"},{"taxonomy":"product_tag","embeddable":true,"href":"https:\/\/armoni.it\/index.php?rest_route=%2Fwp%2Fv2%2Fproduct_tag&post=3606"}],"curies":[{"name":"wp","href":"https:\/\/api.w.org\/{rel}","templated":true}]}}