{"id":3548,"date":"2026-02-05T15:18:24","date_gmt":"2026-02-05T14:18:24","guid":{"rendered":"https:\/\/armoni.it\/?post_type=product&#038;p=3548"},"modified":"2026-02-12T10:33:41","modified_gmt":"2026-02-12T09:33:41","slug":"poltrona-scala-outdoor","status":"publish","type":"product","link":"https:\/\/armoni.it\/?product=poltrona-scala-outdoor","title":{"rendered":"POLTRONA SCALA OUTDOOR"},"content":{"rendered":"<p data-path-to-node=\"5\">Progettata per trasformare l&#8217;ambiente esterno in una vera estensione della zona living, la <b data-path-to-node=\"5\" data-index-in-node=\"91\">Poltrona Scala Outdoor<\/b> \u00e8 un perfetto equilibrio tra ergonomia e durabilit\u00e0. Il fulcro del design \u00e8 lo schienale curvo che non solo dona un aspetto lussuoso e dinamico, inoltre le corde che decorano la struttura stessa sono realizzate con tessuti tecnici drenanti e resistenti ai raggi UV. La struttura in metallo trattato, dal profilo sottile ma robusto, incornicia la seduta con un segno grafico minimale, assicurando stabilit\u00e0 su ogni tipo di superficie esterna.<\/p>\n<p data-path-to-node=\"6\">Il generoso cuscino di seduta, morbido e accogliente, invita a lunghi momenti di relax, rendendo la poltrona Scala l&#8217;elemento ideale per arredare con personalit\u00e0 pool club, verande private o spazi hospitality di alto livello. La combinazione tra la vivacit\u00e0 cromatica delle finiture disponibili e il rigore della base nera crea un contrasto contemporaneo che resiste al tempo e alle stagioni, confermando l&#8217;anima multitasking di un arredo nato per abitare la bellezza dell&#8217;aria aperta.<\/p>\n","protected":false},"excerpt":{"rendered":"<p>La poltrona <b data-path-to-node=\"2\" data-index-in-node=\"12\">Scala Outdoor<\/b> traspone il comfort e lo stile della versione indoor negli spazi aperti, combinando un&#8217;estetica scultorea con materiali ad alte prestazioni.<\/p>\n","protected":false},"featured_media":3834,"comment_status":"open","ping_status":"closed","template":"","meta":[],"product_cat":[65],"product_tag":[],"class_list":{"0":"post-3548","1":"product","2":"type-product","3":"status-publish","4":"has-post-thumbnail","6":"product_cat-poltroncina","8":"first","9":"instock","10":"shipping-taxable","11":"product-type-simple"},"_links":{"self":[{"href":"https:\/\/armoni.it\/index.php?rest_route=\/wp\/v2\/product\/3548","targetHints":{"allow":["GET"]}}],"collection":[{"href":"https:\/\/armoni.it\/index.php?rest_route=\/wp\/v2\/product"}],"about":[{"href":"https:\/\/armoni.it\/index.php?rest_route=\/wp\/v2\/types\/product"}],"replies":[{"embeddable":true,"href":"https:\/\/armoni.it\/index.php?rest_route=%2Fwp%2Fv2%2Fcomments&post=3548"}],"version-history":[{"count":5,"href":"https:\/\/armoni.it\/index.php?rest_route=\/wp\/v2\/product\/3548\/revisions"}],"predecessor-version":[{"id":3835,"href":"https:\/\/armoni.it\/index.php?rest_route=\/wp\/v2\/product\/3548\/revisions\/3835"}],"wp:featuredmedia":[{"embeddable":true,"href":"https:\/\/armoni.it\/index.php?rest_route=\/wp\/v2\/media\/3834"}],"wp:attachment":[{"href":"https:\/\/armoni.it\/index.php?rest_route=%2Fwp%2Fv2%2Fmedia&parent=3548"}],"wp:term":[{"taxonomy":"product_cat","embeddable":true,"href":"https:\/\/armoni.it\/index.php?rest_route=%2Fwp%2Fv2%2Fproduct_cat&post=3548"},{"taxonomy":"product_tag","embeddable":true,"href":"https:\/\/armoni.it\/index.php?rest_route=%2Fwp%2Fv2%2Fproduct_tag&post=3548"}],"curies":[{"name":"wp","href":"https:\/\/api.w.org\/{rel}","templated":true}]}}